[INFO] cloning repository https://github.com/Harbon/Blog
[INFO] running `Command { std: "git" "-c" "credential.helper=" "-c" "credential.helper=/workspace/cargo-home/bin/git-credential-null" "clone" "--bare" "https://github.com/Harbon/Blog" "/workspace/cache/git-repos/https%3A%2F%2Fgithub.com%2FHarbon%2FBlog", kill_on_drop: false }`
[INFO] [stderr] Cloning into bare repository '/workspace/cache/git-repos/https%3A%2F%2Fgithub.com%2FHarbon%2FBlog'...
[INFO] running `Command { std: "git" "rev-parse" "HEAD", kill_on_drop: false }`
[INFO] [stdout] 823cdfd9b6d277446b16c50176fe573913036eed
[INFO] checking Harbon/Blog against try#72f88fc4e9458f89516a0b8b0868f3718aec5b47 for pr-74989
[INFO] running `Command { std: "git" "clone" "/workspace/cache/git-repos/https%3A%2F%2Fgithub.com%2FHarbon%2FBlog" "/workspace/builds/worker-13/source", kill_on_drop: false }`
[INFO] [stderr] Cloning into '/workspace/builds/worker-13/source'...
[INFO] [stderr] done.
[INFO] validating manifest of git repo https://github.com/Harbon/Blog on toolchain 72f88fc4e9458f89516a0b8b0868f3718aec5b47
[INFO] running `Command { std: "/workspace/cargo-home/bin/cargo" "+72f88fc4e9458f89516a0b8b0868f3718aec5b47" "read-manifest" "--manifest-path" "Cargo.toml", kill_on_drop: false }`
[INFO] started tweaking git repo https://github.com/Harbon/Blog
[INFO] finished tweaking git repo https://github.com/Harbon/Blog
[INFO] tweaked toml for git repo https://github.com/Harbon/Blog written to /workspace/builds/worker-13/source/Cargo.toml
[INFO] crate git repo https://github.com/Harbon/Blog already has a lockfile, it will not be regenerated
[INFO] running `Command { std: "/workspace/cargo-home/bin/cargo" "+72f88fc4e9458f89516a0b8b0868f3718aec5b47" "fetch" "--locked" "--manifest-path" "Cargo.toml", kill_on_drop: false }`
[INFO] [stderr]     Updating git repository `https://github.com/iron/mount.git`
[INFO] [stderr]     Updating git repository `https://github.com/iron/staticfile.git`
[INFO] [stderr]     Updating git repository `https://github.com/iron/urlencoded.git`
[INFO] [stderr] error: the lock file /workspace/builds/worker-13/source/Cargo.lock needs to be updated but --locked was passed to prevent this
[INFO] [stderr] If you want to try to generate the lock file without accessing the network, use the --offline flag.
[INFO] the lockfile is outdated, regenerating it
[INFO] running `Command { std: "/workspace/cargo-home/bin/cargo" "+72f88fc4e9458f89516a0b8b0868f3718aec5b47" "generate-lockfile" "--manifest-path" "Cargo.toml" "-Zno-index-update", kill_on_drop: false }`
[INFO] [stderr]     Updating git repository `https://github.com/iron/body-parser.git`
[INFO] [stderr]     Updating git repository `https://github.com/iron/logger.git`
[INFO] [stderr]     Updating git repository `https://github.com/iron/mount.git`
[INFO] [stderr]     Updating git repository `https://github.com/iron/router.git`
[INFO] [stderr]     Updating git repository `https://github.com/iron/staticfile.git`
[INFO] [stderr]     Updating git repository `https://github.com/iron/urlencoded.git`
[INFO] [stderr]     Updating git repository `https://github.com/iron/iron`
[INFO] running `Command { std: "/workspace/cargo-home/bin/cargo" "+72f88fc4e9458f89516a0b8b0868f3718aec5b47" "fetch" "--locked" "--manifest-path" "Cargo.toml", kill_on_drop: false }`
[INFO] [stderr]     Blocking waiting for file lock on package cache
[INFO] [stderr]     Blocking waiting for file lock on package cache
[INFO] [stderr]  Downloading crates ...
[INFO] [stderr]   Downloaded lexical v5.2.0
[INFO] [stderr]   Downloaded mysql_common v0.22.2
[INFO] [stderr]   Downloaded mysql v19.0.1
[INFO] running `Command { std: "docker" "create" "-v" "/var/lib/crater-agent-workspace/builds/worker-13/target:/opt/rustwide/target:rw,Z" "-v" "/var/lib/crater-agent-workspace/builds/worker-13/source:/opt/rustwide/workdir:ro,Z" "-v" "/var/lib/crater-agent-workspace/cargo-home:/opt/rustwide/cargo-home:ro,Z" "-v" "/var/lib/crater-agent-workspace/rustup-home:/opt/rustwide/rustup-home:ro,Z" "-e" "SOURCE_DIR=/opt/rustwide/workdir" "-e" "CARGO_TARGET_DIR=/opt/rustwide/target" "-e" "CARGO_HOME=/opt/rustwide/cargo-home" "-e" "RUSTUP_HOME=/opt/rustwide/rustup-home" "-w" "/opt/rustwide/workdir" "-m" "1610612736" "--user" "0:0" "--network" "none" "rustops/crates-build-env@sha256:d92eaeed33fa75130ca1ee6c8a01d1ffb62bac859dfdfb3450e3e5d1c0146529" "/opt/rustwide/cargo-home/bin/cargo" "+72f88fc4e9458f89516a0b8b0868f3718aec5b47" "metadata" "--no-deps" "--format-version=1", kill_on_drop: false }`
[INFO] [stdout] 58c3d8e98a4213df6afedd05fddbc542a43a9ebdcec1239f20a51d5decf0d5fd
[INFO] [stderr] WARNING: Your kernel does not support swap limit capabilities or the cgroup is not mounted. Memory limited without swap.
[INFO] running `Command { std: "docker" "start" "-a" "58c3d8e98a4213df6afedd05fddbc542a43a9ebdcec1239f20a51d5decf0d5fd", kill_on_drop: false }`
[INFO] running `Command { std: "docker" "inspect" "58c3d8e98a4213df6afedd05fddbc542a43a9ebdcec1239f20a51d5decf0d5fd", kill_on_drop: false }`
[INFO] running `Command { std: "docker" "rm" "-f" "58c3d8e98a4213df6afedd05fddbc542a43a9ebdcec1239f20a51d5decf0d5fd", kill_on_drop: false }`
[INFO] [stdout] 58c3d8e98a4213df6afedd05fddbc542a43a9ebdcec1239f20a51d5decf0d5fd
[INFO] running `Command { std: "docker" "create" "-v" "/var/lib/crater-agent-workspace/builds/worker-13/target:/opt/rustwide/target:rw,Z" "-v" "/var/lib/crater-agent-workspace/builds/worker-13/source:/opt/rustwide/workdir:ro,Z" "-v" "/var/lib/crater-agent-workspace/cargo-home:/opt/rustwide/cargo-home:ro,Z" "-v" "/var/lib/crater-agent-workspace/rustup-home:/opt/rustwide/rustup-home:ro,Z" "-e" "SOURCE_DIR=/opt/rustwide/workdir" "-e" "CARGO_TARGET_DIR=/opt/rustwide/target" "-e" "CARGO_INCREMENTAL=0" "-e" "RUST_BACKTRACE=full" "-e" "RUSTFLAGS=--cap-lints=forbid" "-e" "CARGO_HOME=/opt/rustwide/cargo-home" "-e" "RUSTUP_HOME=/opt/rustwide/rustup-home" "-w" "/opt/rustwide/workdir" "-m" "1610612736" "--user" "0:0" "--network" "none" "rustops/crates-build-env@sha256:d92eaeed33fa75130ca1ee6c8a01d1ffb62bac859dfdfb3450e3e5d1c0146529" "/opt/rustwide/cargo-home/bin/cargo" "+72f88fc4e9458f89516a0b8b0868f3718aec5b47" "check" "--frozen" "--all" "--all-targets" "--message-format=json", kill_on_drop: false }`
[INFO] [stdout] 9a5a67cf4a6c5c76e30450b19d364ccadf748de38c30913781065335484b92f3
[INFO] [stderr] WARNING: Your kernel does not support swap limit capabilities or the cgroup is not mounted. Memory limited without swap.
[INFO] running `Command { std: "docker" "start" "-a" "9a5a67cf4a6c5c76e30450b19d364ccadf748de38c30913781065335484b92f3", kill_on_drop: false }`
[INFO] [stderr]    Compiling libc v0.2.77
[INFO] [stderr]    Compiling rand_core v0.4.2
[INFO] [stderr]     Checking matches v0.1.8
[INFO] [stderr]     Checking futures v0.1.29
[INFO] [stderr]    Compiling semver-parser v0.7.0
[INFO] [stderr]    Compiling siphasher v0.2.3
[INFO] [stderr]     Checking traitobject v0.1.0
[INFO] [stderr]     Checking either v1.6.0
[INFO] [stderr]     Checking percent-encoding v1.0.1
[INFO] [stderr]    Compiling cc v1.0.59
[INFO] [stderr]    Compiling serde v1.0.116
[INFO] [stderr]     Checking modifier v0.1.0
[INFO] [stderr]     Checking fnv v1.0.7
[INFO] [stderr]     Checking typeable v0.1.2
[INFO] [stderr]     Checking language-tags v0.2.2
[INFO] [stderr]     Checking hashbrown v0.9.0
[INFO] [stderr]    Compiling lexical-core v0.7.4
[INFO] [stderr]    Compiling const_fn v0.4.2
[INFO] [stderr]    Compiling crc32fast v1.2.0
[INFO] [stderr]     Checking byte-tools v0.3.1
[INFO] [stderr]     Checking rustc-demangle v0.1.16
[INFO] [stderr]     Checking foreign-types-shared v0.1.1
[INFO] [stderr]    Compiling gcc v0.3.55
[INFO] [stderr]     Checking sequence_trie v0.3.6
[INFO] [stderr]     Checking same-file v1.0.6
[INFO] [stderr]     Checking ahash v0.3.8
[INFO] [stderr]     Checking opaque-debug v0.2.3
[INFO] [stderr]    Compiling nix v0.18.0
[INFO] [stderr]    Compiling io-enum v0.2.3
[INFO] [stderr]     Checking openssl-probe v0.1.2
[INFO] [stderr]    Compiling mysql v19.0.1
[INFO] [stderr]     Checking sha1 v0.6.0
[INFO] [stderr]     Checking percent-encoding v2.1.0
[INFO] [stderr]     Checking base64 v0.12.3
[INFO] [stderr]     Checking route-recognizer v0.1.13
[INFO] [stderr]     Checking bitflags v0.5.0
[INFO] [stderr]     Checking lazy_static v0.1.16
[INFO] [stderr]    Compiling crossbeam-utils v0.7.2
[INFO] [stderr]    Compiling memoffset v0.5.5
[INFO] [stderr]    Compiling num-traits v0.2.12
[INFO] [stderr]    Compiling crossbeam-epoch v0.8.2
[INFO] [stderr]    Compiling indexmap v1.6.0
[INFO] [stderr]    Compiling num-integer v0.1.43
[INFO] [stderr]    Compiling miniz_oxide v0.4.2
[INFO] [stderr]    Compiling num-bigint v0.2.6
[INFO] [stderr]    Compiling hashbrown v0.8.2
[INFO] [stderr]    Compiling unicase v1.4.2
[INFO] [stderr]    Compiling rand_pcg v0.1.2
[INFO] [stderr]    Compiling rand_chacha v0.1.1
[INFO] [stderr]    Compiling rand v0.6.5
[INFO] [stderr]    Compiling unicase v2.6.0
[INFO] [stderr]    Compiling standback v0.2.10
[INFO] [stderr]    Compiling time v0.2.19
[INFO] [stderr]     Checking unicode-bidi v0.3.4
[INFO] [stderr]     Checking unsafe-any v0.4.2
[INFO] [stderr]     Checking block-padding v0.1.5
[INFO] [stderr]     Checking foreign-types v0.3.2
[INFO] [stderr]    Compiling rand_core v0.3.1
[INFO] [stderr]    Compiling rand_jitter v0.1.4
[INFO] [stderr]    Compiling semver v0.9.0
[INFO] [stderr]     Checking walkdir v2.3.1
[INFO] [stderr]     Checking typemap v0.3.3
[INFO] [stderr]    Compiling rand_xorshift v0.1.1
[INFO] [stderr]    Compiling rand_isaac v0.1.1
[INFO] [stderr]    Compiling rand_hc v0.1.0
[INFO] [stderr]     Checking log v0.3.9
[INFO] [stderr]     Checking plugin v0.2.6
[INFO] [stderr]     Checking idna v0.1.5
[INFO] [stderr]     Checking idna v0.2.0
[INFO] [stderr]     Checking block-buffer v0.7.3
[INFO] [stderr]    Compiling rustc_version v0.2.3
[INFO] [stderr]     Checking mime v0.2.6
[INFO] [stderr]     Checking phf_shared v0.7.24
[INFO] [stderr]    Compiling hoedown v6.0.0
[INFO] [stderr]    Compiling pest_generator v2.1.3
[INFO] [stderr]    Compiling derive_utils v0.10.0
[INFO] [stderr]     Checking tokio-sync v0.1.8
[INFO] [stderr]     Checking want v0.2.0
[INFO] [stderr]    Compiling time-macros-impl v0.1.1
[INFO] [stderr]     Checking sha2 v0.8.2
[INFO] [stderr]     Checking url v1.7.2
[INFO] [stderr]     Checking phf v0.7.24
[INFO] [stderr]     Checking url v2.1.1
[INFO] [stderr]    Compiling failure_derive v0.1.8
[INFO] [stderr]     Checking lru v0.6.0
[INFO] [stderr]     Checking tokio-executor v0.1.10
[INFO] [stderr]     Checking crossbeam-queue v0.2.3
[INFO] [stderr]    Compiling mime_guess v2.0.3
[INFO] [stderr]    Compiling parking_lot_core v0.6.2
[INFO] [stderr]    Compiling parking_lot v0.9.0
[INFO] [stderr]    Compiling hyper v0.12.35
[INFO] [stderr]    Compiling openssl-sys v0.9.58
[INFO] [stderr]    Compiling libz-sys v1.1.2
[INFO] [stderr]     Checking tokio-timer v0.2.13
[INFO] [stderr]     Checking tokio-current-thread v0.1.7
[INFO] [stderr]     Checking crossbeam-deque v0.7.3
[INFO] [stderr]     Checking num_cpus v1.13.0
[INFO] [stderr]     Checking time v0.1.44
[INFO] [stderr]     Checking iovec v0.1.4
[INFO] [stderr]     Checking net2 v0.2.35
[INFO] [stderr]     Checking getrandom v0.1.15
[INFO] [stderr]     Checking backtrace v0.3.50
[INFO] [stderr]     Checking socket2 v0.3.15
[INFO] [stderr]     Checking bytes v0.4.12
[INFO] [stderr]     Checking tokio-threadpool v0.1.18
[INFO] [stderr]     Checking futures-cpupool v0.1.8
[INFO] [stderr]    Compiling rand_os v0.1.3
[INFO] [stderr]     Checking rand_core v0.5.1
[INFO] [stderr]     Checking lexical v5.2.0
[INFO] [stderr]     Checking mio v0.6.22
[INFO] [stderr]     Checking hyper v0.10.16
[INFO] [stderr]    Compiling pest_derive v2.1.0
[INFO] [stderr]     Checking flate2 v1.0.17
[INFO] [stderr]     Checking time-macros v0.1.0
[INFO] [stderr]    Compiling openssl v0.10.30
[INFO] [stderr]    Compiling native-tls v0.2.4
[INFO] [stderr]     Checking rand_chacha v0.2.2
[INFO] [stderr]     Checking tokio-io v0.1.13
[INFO] [stderr]     Checking http v0.1.21
[INFO] [stderr]     Checking tokio-buf v0.1.1
[INFO] [stderr]     Checking string v0.2.1
[INFO] [stderr]     Checking failure v0.1.8
[INFO] [stderr]     Checking rand v0.7.3
[INFO] [stderr]     Checking tokio-reactor v0.1.12
[INFO] [stderr]     Checking tokio v0.1.22
[INFO] [stderr]     Checking tokio-tcp v0.1.4
[INFO] [stderr]    Compiling phf_generator v0.7.24
[INFO] [stderr]     Checking twox-hash v1.5.0
[INFO] [stderr]    Compiling phf_codegen v0.7.24
[INFO] [stderr]    Compiling mime_guess v1.8.8
[INFO] [stderr]     Checking serde_json v1.0.57
[INFO] [stderr]     Checking rust_decimal v1.7.0
[INFO] [stderr]     Checking bigdecimal v0.1.2
[INFO] [stderr]     Checking chrono v0.4.15
[INFO] [stderr]     Checking http-body v0.1.0
[INFO] [stderr]     Checking h2 v0.1.26
[INFO] [stderr]     Checking iron v0.6.1
[INFO] [stderr]     Checking persistent v0.4.0
[INFO] [stderr]     Checking mount v0.4.0
[INFO] [stderr]     Checking logger v0.4.0 (https://github.com/iron/logger.git#4df63964)
[INFO] [stderr]     Checking staticfile v0.5.0 (https://github.com/iron/staticfile.git#2bfc7fe5)
[INFO] [stderr]     Checking mysql_common v0.22.2
[INFO] [stderr]     Checking handlebars v3.4.0
[INFO] [stderr]     Checking bodyparser v0.8.0
[INFO] [stderr]     Checking bodyparser v0.8.0 (https://github.com/iron/body-parser.git#49ae53cd)
[INFO] [stderr]     Checking urlencoded v0.6.0 (https://github.com/iron/urlencoded.git#0bed4479)
[INFO] [stderr]     Checking handlebars-iron v0.29.0
[INFO] [stderr]     Checking iron v0.6.0 (https://github.com/iron/iron?branch=master#e38695bf)
[INFO] [stderr]     Checking router v0.7.0-pre1 (https://github.com/iron/router.git#ec2c7890)
[INFO] [stderr]     Checking mount v0.4.0 (https://github.com/iron/mount.git#5dbbc881)
[INFO] [stderr]     Checking blog v0.1.0 (/opt/rustwide/workdir)
[INFO] [stdout] error[E0432]: unresolved import `mysql::conn::MyOpts`
[INFO] [stdout]  --> src/app/helpers/db_helper.rs:2:5
[INFO] [stdout]   |
[INFO] [stdout] 2 | use mysql::conn::MyOpts;
[INFO] [stdout]   |     ^^^^^^^^^^^^^------
[INFO] [stdout]   |     |            |
[INFO] [stdout]   |     |            help: a similar name exists in the module: `TxOpts`
[INFO] [stdout]   |     no `MyOpts` in `conn`
[INFO] [stdout] 
[INFO] [stdout] 
[INFO] [stdout] error[E0432]: unresolved import `mysql::conn::pool::MyPool`
[INFO] [stdout]  --> src/app/helpers/db_helper.rs:3:5
[INFO] [stdout]   |
[INFO] [stdout] 3 | use mysql::conn::pool::MyPool;
[INFO] [stdout]   |     ^^^^^^^^^^^^^^^^^^^------
[INFO] [stdout]   |     |                  |
[INFO] [stdout]   |     |                  help: a similar name exists in the module: `Pool`
[INFO] [stdout]   |     no `MyPool` in `conn::pool`
[INFO] [stdout] 
[INFO] [stdout] 
[INFO] [stdout] error[E0432]: unresolved import `mysql::error::MyResult`
[INFO] [stdout]  --> src/app/controllers/mod.rs:2:5
[INFO] [stdout]   |
[INFO] [stdout] 2 | use mysql::error::MyResult;
[INFO] [stdout]   |     ^^^^^^^^^^^^^^--------
[INFO] [stdout]   |     |             |
[INFO] [stdout]   |     |             help: a similar name exists in the module: `Result`
[INFO] [stdout]   |     no `MyResult` in `error`
[INFO] [stdout] 
[INFO] [stdout] 
[INFO] [stdout] error[E0432]: unresolved import `mysql::conn::pool::MyPool`
[INFO] [stdout]  --> src/app/controllers/mod.rs:9:5
[INFO] [stdout]   |
[INFO] [stdout] 9 | use mysql::conn::pool::MyPool;
[INFO] [stdout]   |     ^^^^^^^^^^^^^^^^^^^------
[INFO] [stdout]   |     |                  |
[INFO] [stdout]   |     |                  help: a similar name exists in the module: `Pool`
[INFO] [stdout]   |     no `MyPool` in `conn::pool`
[INFO] [stdout] 
[INFO] [stdout] 
[INFO] [stdout] error[E0432]: unresolved import `mysql::value`
[INFO] [stdout]   --> src/app/controllers/mod.rs:14:12
[INFO] [stdout]    |
[INFO] [stdout] 14 | use mysql::value::from_row;
[INFO] [stdout]    |            ^^^^^ could not find `value` in `mysql`
[INFO] [stdout] 
[INFO] [stdout] 
[INFO] [stdout] error[E0432]: unresolved import `mysql::error::MyResult`
[INFO] [stdout]   --> src/app/mod.rs:11:5
[INFO] [stdout]    |
[INFO] [stdout] 11 | use mysql::error::MyResult;
[INFO] [stdout]    |     ^^^^^^^^^^^^^^--------
[INFO] [stdout]    |     |             |
[INFO] [stdout]    |     |             help: a similar name exists in the module: `Result`
[INFO] [stdout]    |     no `MyResult` in `error`
[INFO] [stdout] 
[INFO] [stdout] 
[INFO] [stdout] error[E0603]: module `conn` is private
[INFO] [stdout]    --> src/app/helpers/db_helper.rs:2:12
[INFO] [stdout]     |
[INFO] [stdout] 2   | use mysql::conn::MyOpts;
[INFO] [stdout]     |            ^^^^ private module
[INFO] [stdout]     |
[INFO] [stdout] note: the module `conn` is defined here
[INFO] [stdout]    --> /opt/rustwide/cargo-home/registry/src/github.com-1ecc6299db9ec823/mysql-19.0.1/src/lib.rs:777:1
[INFO] [stdout]     |
[INFO] [stdout] 777 | mod conn;
[INFO] [stdout]     | ^^^^^^^^^
[INFO] [stdout] 
[INFO] [stdout] 
[INFO] [stdout] error[E0603]: module `conn` is private
[INFO] [stdout]    --> src/app/helpers/db_helper.rs:3:12
[INFO] [stdout]     |
[INFO] [stdout] 3   | use mysql::conn::pool::MyPool;
[INFO] [stdout]     |            ^^^^ private module
[INFO] [stdout]     |
[INFO] [stdout] note: the module `conn` is defined here
[INFO] [stdout]    --> /opt/rustwide/cargo-home/registry/src/github.com-1ecc6299db9ec823/mysql-19.0.1/src/lib.rs:777:1
[INFO] [stdout]     |
[INFO] [stdout] 777 | mod conn;
[INFO] [stdout]     | ^^^^^^^^^
[INFO] [stdout] 
[INFO] [stdout] 
[INFO] [stdout] error[E0603]: module `conn` is private
[INFO] [stdout]    --> src/app/controllers/mod.rs:9:12
[INFO] [stdout]     |
[INFO] [stdout] 9   | use mysql::conn::pool::MyPool;
[INFO] [stdout]     |            ^^^^ private module
[INFO] [stdout]     |
[INFO] [stdout] note: the module `conn` is defined here
[INFO] [stdout]    --> /opt/rustwide/cargo-home/registry/src/github.com-1ecc6299db9ec823/mysql-19.0.1/src/lib.rs:777:1
[INFO] [stdout]     |
[INFO] [stdout] 777 | mod conn;
[INFO] [stdout]     | ^^^^^^^^^
[INFO] [stdout] 
[INFO] [stdout] 
[INFO] [stdout] error[E0603]: module `conn` is private
[INFO] [stdout]    --> src/app/controllers/mod.rs:13:12
[INFO] [stdout]     |
[INFO] [stdout] 13  | use mysql::conn::QueryResult;
[INFO] [stdout]     |            ^^^^ private module
[INFO] [stdout]     |
[INFO] [stdout] note: the module `conn` is defined here
[INFO] [stdout]    --> /opt/rustwide/cargo-home/registry/src/github.com-1ecc6299db9ec823/mysql-19.0.1/src/lib.rs:777:1
[INFO] [stdout]     |
[INFO] [stdout] 777 | mod conn;
[INFO] [stdout]     | ^^^^^^^^^
[INFO] [stdout] 
[INFO] [stdout] 
[INFO] [stdout] warning: unused `#[macro_use]` import
[INFO] [stdout]   --> src/main.rs:13:1
[INFO] [stdout]    |
[INFO] [stdout] 13 | #[macro_use]
[INFO] [stdout]    | ^^^^^^^^^^^^
[INFO] [stdout]    |
[INFO] [stdout]    = note: `#[warn(unused_imports)]` on by default
[INFO] [stdout] 
[INFO] [stdout] 
[INFO] [stdout] error[E0432]: unresolved import `mysql::conn::MyOpts`
[INFO] [stdout]  --> src/app/helpers/db_helper.rs:2:5
[INFO] [stdout]   |
[INFO] [stdout] 2 | use mysql::conn::MyOpts;
[INFO] [stdout]   |     ^^^^^^^^^^^^^------
[INFO] [stdout]   |     |            |
[INFO] [stdout]   |     |            help: a similar name exists in the module: `TxOpts`
[INFO] [stdout]   |     no `MyOpts` in `conn`
[INFO] [stdout] 
[INFO] [stdout] 
[INFO] [stdout] error[E0432]: unresolved import `mysql::conn::pool::MyPool`
[INFO] [stdout]  --> src/app/helpers/db_helper.rs:3:5
[INFO] [stdout]   |
[INFO] [stdout] 3 | use mysql::conn::pool::MyPool;
[INFO] [stdout]   |     ^^^^^^^^^^^^^^^^^^^------
[INFO] [stdout]   |     |                  |
[INFO] [stdout]   |     |                  help: a similar name exists in the module: `Pool`
[INFO] [stdout]   |     no `MyPool` in `conn::pool`
[INFO] [stdout] 
[INFO] [stdout] 
[INFO] [stdout] error[E0432]: unresolved import `mysql::error::MyResult`
[INFO] [stdout]  --> src/app/controllers/mod.rs:2:5
[INFO] [stdout]   |
[INFO] [stdout] 2 | use mysql::error::MyResult;
[INFO] [stdout]   |     ^^^^^^^^^^^^^^--------
[INFO] [stdout]   |     |             |
[INFO] [stdout]   |     |             help: a similar name exists in the module: `Result`
[INFO] [stdout]   |     no `MyResult` in `error`
[INFO] [stdout] 
[INFO] [stdout] 
[INFO] [stdout] error[E0432]: unresolved import `mysql::conn::pool::MyPool`
[INFO] [stdout]  --> src/app/controllers/mod.rs:9:5
[INFO] [stdout]   |
[INFO] [stdout] 9 | use mysql::conn::pool::MyPool;
[INFO] [stdout]   |     ^^^^^^^^^^^^^^^^^^^------
[INFO] [stdout]   |     |                  |
[INFO] [stdout]   |     |                  help: a similar name exists in the module: `Pool`
[INFO] [stdout]   |     no `MyPool` in `conn::pool`
[INFO] [stdout] 
[INFO] [stdout] 
[INFO] [stdout] error[E0432]: unresolved import `mysql::value`
[INFO] [stdout]   --> src/app/controllers/mod.rs:14:12
[INFO] [stdout]    |
[INFO] [stdout] 14 | use mysql::value::from_row;
[INFO] [stdout]    |            ^^^^^ could not find `value` in `mysql`
[INFO] [stdout] 
[INFO] [stdout] 
[INFO] [stdout] error[E0432]: unresolved import `mysql::error::MyResult`
[INFO] [stdout]   --> src/app/mod.rs:11:5
[INFO] [stdout]    |
[INFO] [stdout] 11 | use mysql::error::MyResult;
[INFO] [stdout]    |     ^^^^^^^^^^^^^^--------
[INFO] [stdout]    |     |             |
[INFO] [stdout]    |     |             help: a similar name exists in the module: `Result`
[INFO] [stdout]    |     no `MyResult` in `error`
[INFO] [stdout] 
[INFO] [stdout] 
[INFO] [stdout] error[E0603]: module `conn` is private
[INFO] [stdout]    --> src/app/helpers/db_helper.rs:2:12
[INFO] [stdout]     |
[INFO] [stdout] 2   | use mysql::conn::MyOpts;
[INFO] [stdout]     |            ^^^^ private module
[INFO] [stdout]     |
[INFO] [stdout] note: the module `conn` is defined here
[INFO] [stdout]    --> /opt/rustwide/cargo-home/registry/src/github.com-1ecc6299db9ec823/mysql-19.0.1/src/lib.rs:777:1
[INFO] [stdout]     |
[INFO] [stdout] 777 | mod conn;
[INFO] [stdout]     | ^^^^^^^^^
[INFO] [stdout] 
[INFO] [stdout] 
[INFO] [stdout] error[E0603]: module `conn` is private
[INFO] [stdout]    --> src/app/helpers/db_helper.rs:3:12
[INFO] [stdout]     |
[INFO] [stdout] 3   | use mysql::conn::pool::MyPool;
[INFO] [stdout]     |            ^^^^ private module
[INFO] [stdout]     |
[INFO] [stdout] note: the module `conn` is defined here
[INFO] [stdout]    --> /opt/rustwide/cargo-home/registry/src/github.com-1ecc6299db9ec823/mysql-19.0.1/src/lib.rs:777:1
[INFO] [stdout]     |
[INFO] [stdout] 777 | mod conn;
[INFO] [stdout]     | ^^^^^^^^^
[INFO] [stdout] 
[INFO] [stdout] 
[INFO] [stdout] error[E0603]: module `conn` is private
[INFO] [stdout]    --> src/app/controllers/mod.rs:9:12
[INFO] [stdout]     |
[INFO] [stdout] 9   | use mysql::conn::pool::MyPool;
[INFO] [stdout]     |            ^^^^ private module
[INFO] [stdout]     |
[INFO] [stdout] note: the module `conn` is defined here
[INFO] [stdout]    --> /opt/rustwide/cargo-home/registry/src/github.com-1ecc6299db9ec823/mysql-19.0.1/src/lib.rs:777:1
[INFO] [stdout]     |
[INFO] [stdout] 777 | mod conn;
[INFO] [stdout]     | ^^^^^^^^^
[INFO] [stdout] 
[INFO] [stdout] 
[INFO] [stdout] error[E0603]: module `conn` is private
[INFO] [stdout]    --> src/app/controllers/mod.rs:13:12
[INFO] [stdout]     |
[INFO] [stdout] 13  | use mysql::conn::QueryResult;
[INFO] [stdout]     |            ^^^^ private module
[INFO] [stdout]     |
[INFO] [stdout] note: the module `conn` is defined here
[INFO] [stdout]    --> /opt/rustwide/cargo-home/registry/src/github.com-1ecc6299db9ec823/mysql-19.0.1/src/lib.rs:777:1
[INFO] [stdout]     |
[INFO] [stdout] 777 | mod conn;
[INFO] [stdout]     | ^^^^^^^^^
[INFO] [stdout] 
[INFO] [stdout] 
[INFO] [stdout] warning: unused `#[macro_use]` import
[INFO] [stdout]   --> src/main.rs:13:1
[INFO] [stdout]    |
[INFO] [stdout] 13 | #[macro_use]
[INFO] [stdout]    | ^^^^^^^^^^^^
[INFO] [stdout]    |
[INFO] [stdout]    = note: `#[warn(unused_imports)]` on by default
[INFO] [stdout] 
[INFO] [stdout] 
[INFO] [stdout] error[E0277]: the trait bound `T: iron::typemap::Key` is not satisfied
[INFO] [stdout]    --> src/app/models/base_triat.rs:52:24
[INFO] [stdout]     |
[INFO] [stdout] 52  |      fn init_data() -> (Read<T>, Read<T>);
[INFO] [stdout]     |                        ^^^^^^^^^^^^^^^^^^ the trait `iron::typemap::Key` is not implemented for `T`
[INFO] [stdout]     | 
[INFO] [stdout]    ::: /opt/rustwide/cargo-home/registry/src/github.com-1ecc6299db9ec823/persistent-0.4.0/src/lib.rs:101:20
[INFO] [stdout]     |
[INFO] [stdout] 101 | pub struct Read<P: Key> {
[INFO] [stdout]     |                    --- required by this bound in `persistent::Read`
[INFO] [stdout]     |
[INFO] [stdout] help: consider restricting type parameter `T`
[INFO] [stdout]     |
[INFO] [stdout] 49  |  pub trait BaseStruct<T: iron::typemap::Key> {
[INFO] [stdout]     |                        ^^^^^^^^^^^^^^^^^^^^
[INFO] [stdout] 
[INFO] [stdout] 
[INFO] [stdout] error: aborting due to 11 previous errors; 1 warning emitted
[INFO] [stdout] 
[INFO] [stdout] 
[INFO] [stdout] Some errors have detailed explanations: E0277, E0432, E0603.
[INFO] [stdout] 
[INFO] [stdout] For more information about an error, try `rustc --explain E0277`.
[INFO] [stdout] 
[INFO] [stderr] error: could not compile `blog`.
[INFO] [stderr] 
[INFO] [stderr] To learn more, run the command again with --verbose.
[INFO] [stderr] warning: build failed, waiting for other jobs to finish...
[INFO] [stdout] error[E0277]: the trait bound `T: iron::typemap::Key` is not satisfied
[INFO] [stdout]    --> src/app/models/base_triat.rs:52:24
[INFO] [stdout]     |
[INFO] [stdout] 52  |      fn init_data() -> (Read<T>, Read<T>);
[INFO] [stdout]     |                        ^^^^^^^^^^^^^^^^^^ the trait `iron::typemap::Key` is not implemented for `T`
[INFO] [stdout]     | 
[INFO] [stdout]    ::: /opt/rustwide/cargo-home/registry/src/github.com-1ecc6299db9ec823/persistent-0.4.0/src/lib.rs:101:20
[INFO] [stdout]     |
[INFO] [stdout] 101 | pub struct Read<P: Key> {
[INFO] [stdout]     |                    --- required by this bound in `persistent::Read`
[INFO] [stdout]     |
[INFO] [stdout] help: consider restricting type parameter `T`
[INFO] [stdout]     |
[INFO] [stdout] 49  |  pub trait BaseStruct<T: iron::typemap::Key> {
[INFO] [stdout]     |                        ^^^^^^^^^^^^^^^^^^^^
[INFO] [stdout] 
[INFO] [stdout] 
[INFO] [stdout] error: aborting due to 11 previous errors; 1 warning emitted
[INFO] [stdout] 
[INFO] [stdout] 
[INFO] [stdout] Some errors have detailed explanations: E0277, E0432, E0603.
[INFO] [stdout] 
[INFO] [stdout] For more information about an error, try `rustc --explain E0277`.
[INFO] [stdout] 
[INFO] [stderr] error: build failed
[INFO] running `Command { std: "docker" "inspect" "9a5a67cf4a6c5c76e30450b19d364ccadf748de38c30913781065335484b92f3", kill_on_drop: false }`
[INFO] running `Command { std: "docker" "rm" "-f" "9a5a67cf4a6c5c76e30450b19d364ccadf748de38c30913781065335484b92f3", kill_on_drop: false }`
[INFO] [stdout] 9a5a67cf4a6c5c76e30450b19d364ccadf748de38c30913781065335484b92f3
